3
Suppose -x = 5*a - 238 - 60, -3*a = 2*x - 568. Calculate the highest common divisor of 22657 and x.
139
Suppose 1473 = 2*k + 3*s, 145*k + 2958 = 149*k + 2*s. What is the greatest common factor of k and 228?
57
Let k = -148 - -149. Let z be ((-91)/(-13))/(k - (-20)/(-22)). What is the greatest common factor of z and 1001?
77
Let o be -4 + (11 - 5) + 135 + 6. Calculate the greatest common divisor of 1144 and o.
143
Let b(h) = -46*h**3 + 3*h**2 - 6*h - 17. Let a be b(-2). Calculate the greatest common factor of 525 and a.
75
Let r be ((-63)/35)/((-177)/54575). Calculate the highest common factor of 1776 and r.
111
Let u be (-5*((-115)/50 + 2))/(2/188). What is the highest common divisor of 1833 and u?
141
Let v(y) = y + 37. Let d be v(-9). Suppose -2*u + 4*r - d = -3*u, u - 48 = r. Calculate the greatest common factor of u and 176.
44
Let t = 2861 - 2751. Calculate the highest common factor of t and 20.
10
Let f be ((0 + 0)/3)/(-4 - 1). Suppose 2*p + 2 = f, 2*d - 6*d + 145 = -5*p. Calculate the highest common factor of d and 10.
5
Suppose 2*x = 3*u + 116, -47 = -4*x - 2*u + 153. Let f = x - 56. Let n be (f/2)/(-1 - -2) - -3. What is the highest common factor of n and 5?
1
Let p = -2641 - -4576. Let m be p/75 + (-2)/(-10). Let z be -1 - (0/(-2) - 40). What is the greatest common divisor of m and z?
13
Let w = 5418 + -5384. Suppose -9 = -0*h + 5*h + 3*i, 3*h + 19 = 5*i. Let l be (-2)/(-3)*h + 53. Calculate the highest common factor of w and l.
17
Let d = 23549 - 12316. What is the highest common divisor of d and 478?
239
Let r = -1471 + 1606. Calculate the greatest common divisor of 6795 and r.
45
Suppose -3*h - 149*c + 7533 = -152*c, c - 5013 = -2*h. Calculate the greatest common factor of 132 and h.
132
Let l(s) = -2*s + 56 + 3*s - 3*s + 0*s. Let t be l(-18). What is the greatest common factor of 138 and t?
46
Let o(u) = 3*u**2 + 6*u + 3. Let r be (-13)/((-65)/(-20))*1/2. Let k be o(r). Let v be ((-9)/k + 2)/(2/(-42)). Calculate the highest common divisor of v and 3.
3
Suppose 21*y + 146850 = 30*y + 46*y. Calculate the greatest common factor of y and 40.
10
Let w = -99 + 99. Let z be ((-3)/(-6) + w)*(11 + -1). Suppose 2*i - 29 = -5*x, 3*i - 16 - 25 = -z*x. Calculate the highest common factor of 168 and i.
12
Let o(f) = -6*f**3 + 41*f**2 + 14*f - 41. Let q be o(7). Suppose -4*b + 546 = u, -5*b - 3*u = -0*u - 686. Calculate the greatest common factor of b and q.
8
Let b be 43 + -2 - 4 - 7. Calculate the greatest common factor of 115 and b.
5
Let n = -369 - -372. Suppose -3*o + r = -30, 2*o - n - 17 = 2*r. Calculate the greatest common divisor of o and 430.
10
Let f be (-2)/(-8) + 99/36. Suppose -3*b - 873 = -3*z, b = f*z + 4*b - 903. What is the greatest common factor of 24 and z?
8
Let m(i) = 23*i + 91. Let f be m(-4). Let y be f + 92 - 246/82. Calculate the greatest common divisor of 77 and y.
11
Let k(l) = 64*l + 11531. Let m be k(-180). Let q be 1/(2/(-4)) + -4. Let n(a) = -2*a - 1. Let x be n(q). Calculate the greatest common factor of x and m.
11
Let y = -176 - -157. Let a(r) = -r**2 - 31*r - 12. Let k be a(y). Calculate the highest common divisor of k and 8.
8
Let y(m) = -6 - 3 - 2*m - 4 - 6. Let g be y(-12). Suppose 3*f + 4*z - g = 0, -5*f - 5*z - 1 = -11. What is the highest common divisor of f and 3?
3
Suppose 28 - 10 = o. Suppose 114 = 4*g + 2*j - 778, -3*j - 216 = -g. What is the highest common divisor of o and g?
6
Suppose 3*z = 2*h - 715, -712 = -2*h + 19*z - 15*z. Let n = -164 + h. Calculate the greatest common factor of n and 18.
18
Suppose -2*y - 5*a = -a - 126, -3*y - 3*a + 180 = 0. Suppose 2*r - 16 = 3*k + 43, y = 2*r - k. Let j = -27 - -55. What is the greatest common factor of j and r?
28
Let s be (-2 - 152/(-20))*5. Suppose 0 = 5*u - 22 - s. What is the greatest common factor of u and 30?
10
Let k(x) = 24*x**3 + 2*x**2 + 13*x + 9. Let a be k(3). Calculate the greatest common factor of 136 and a.
34
Let w = 453 + -483. Let f be (-17064)/(-810) - (-2)/w. Suppose 2*i - 2*h = -19 + 99, -2*i = -3*h - 78. Calculate the greatest common factor of i and f.
21
Suppose -2*s + 28 = -2*h, -23*s + 21*s + 40 = -5*h. What is the highest common divisor of s and 76?
2
Suppose 0 = -2*v - 3466 + 12630. Calculate the highest common divisor of 158 and v.
158
Suppose 2*v = 12 - 6. Suppose -222 = -2*k - 2*a + 4*a, -445 = -4*k + v*a. Suppose -k = -2*l - 0. Calculate the highest common divisor of 14 and l.
14
Let m(s) = -136*s + 4795. Let g be m(35). Calculate the greatest common divisor of g and 29155.
35
Suppose -3*n + 6 = -4*s - 40, 75 = 5*n - 5*s. Suppose x - 271 = 5*d - 3698, 5*d - 3415 = 5*x. Calculate the highest common factor of d and n.
14
Let m(a) = -372*a + 376*a - 25 - 55 - 18 + 19. Let z be m(31). What is the greatest common divisor of 105 and z?
15
Suppose 3*l + 14 = 5*x, 6 + 12 = 4*x + l. Suppose f = -x*p + 24, 5*f + 4*p + p = 135. Calculate the highest common divisor of f and 140.
28
Let b(y) = 108*y**3 + 16*y**2 - 34*y + 24. Let n be b(1). Suppose -5*o + 1433 = 2*x - 4*x, 12 = -3*x. What is the highest common divisor of o and n?
57
Let q = 60 - 71. Let b be q/((-22)/408) - 1 - -3. Let l = b - 73. What is the highest common divisor of 38 and l?
19
Let x(c) = 0 - c + 4 + 6*c**2 + 6 - 9. Let k be x(-2). What is the greatest common divisor of 81 and k?
27
Let w(b) = -2*b - 40. Suppose 141*r = 136*r - 110. Let u be w(r). Let y = u - -7. Calculate the highest common divisor of y and 110.
11
Suppose o = 3*f + 260, -2*f + 2*o = -0*f + 168. Let n = f + 128. Suppose -m + n = c, -2*c = -5*c + 4*m + 92. What is the greatest common factor of c and 9?
9
Let x(g) = 6*g + 72. Let p be x(-5). Let o be (896/24)/(2/p). Calculate the highest common divisor of o and 49.
49
Suppose -4*n + 10 = -5*y + 464, 3*n = y - 71. Calculate the greatest common divisor of y and 4263.
49
Suppose 5*v = -3*c + 59, -4*c = 5*v - 67 + 5. What is the highest common factor of 15 and v?
5
Suppose 1235390 = 59*z + 279*z. Calculate the highest common factor of 20 and z.
5
Let i(t) = t**3 - 8*t**2 + 19*t - 4. Let q be i(4). What is the greatest common factor of 332 and q?
4
Let r(f) = -f**3 + 7*f**2 + 9*f - 5. Suppose 84 + 252 = 4*y. Let l = 90 - y. Let m be r(l). Calculate the highest common divisor of 5 and m.
5
Let u be 4*(-5)/20 - -40. Suppose 5*s = 1018 - 173. What is the greatest common factor of s and u?
13
Suppose -3*t - 27*t + 1260 = -2*t. What is the greatest common divisor of t and 198?
9
Suppose -10*b = -15*b + 1280. Suppose -a + 2 = 0, -5*c + 8*c = 4*a + b. What is the greatest common divisor of 132 and c?
44
Suppose -37*d + 3938 + 317 = 0. Calculate the highest common divisor of 1564 and d.
23
Let g = 2203 - 2326. Let i be (-1 - -2) + 0 - 106. Let t = i - g. Calculate the highest common divisor of t and 198.
18
Suppose -2*d + 20 = -m, 14*d - 12*d - 2*m = 24. What is the highest common divisor of d and 2504?
8
Let h(m) = -4*m + 5. Let y be h(-7). Let s = 166 - 158. Suppose 30 = -s*x + 206. What is the greatest common divisor of y and x?
11
Suppose 0 = 26*f - 23*f - 15. Suppose -619 = -f*t - 3*o, -5*t - o = 82 - 705. What is the greatest common factor of 25 and t?
25
Let b(v) = -717*v + 3606. Let x be b(5). Calculate the greatest common factor of x and 4620.
21
Let v(p) = 15*p**2 - 2. Let h be v(-2). Suppose -13*d + d + 3*d + 1305 = 0. What is the highest common factor of d and h?
29
Let d(o) = 4*o + 1253. Let j be d(66). Calculate the greatest common divisor of 37 and j.
37
Let o = -4 + 7. Let n = -42 - -44. Suppose 7 = -3*h - 3*u - n*u, 5*u = -10. What is the highest common divisor of o and h?
1
Let b be (42/18 + -3*1)*(-1470)/20. What is the greatest common divisor of b and 3087?
49
Let i(c) = -7*c**2 + 16*c - 11. Let k be i(6). Let b = k + 171. Calculate the greatest common factor of 28 and b.
4
Let y(d) = 539*d - 2595. Let b be y(5). What is the highest common divisor of b and 925?
25
Let v = 54 - 42. Let k = 14 - v. Suppose 2*c - 50 = -k*q, 2*q - q + 2*c - 26 = 0. What is the highest common factor of q and 16?
8
Let x = 15926 - 15903. Let n be 4/10 + 13/5. Let o = n + x. What is the greatest common divisor of 104 and o?
26
Let l = 97 + -155. Let k = 66 + l. What is the greatest common factor of k and 56?
8
Suppose -9*r + 14 = -2*r. Suppose -a - 150 = -3*a -